c).
3
Suppose -4*m + 30 = 2*m. Let j(x) = 3*x + 12 - m*x**2 - 14 + 6*x**2. Determine j(-6).
16
Let x(a) be the third derivative of -23*a**2 + 0*a + 0 - 4/3*a**3 + 1/12*a**4. Calculate x(4).
0
Let w(a) = a**2 - 33*a - 11946. Let s be w(127). Let b(z) = 5*z**2 + 39*z - 19. Calculate b(s).
-11
Suppose -3*r + 2 + 10 = 0, -17 = l - 5*r. Suppose l*y = -3*i - 12, -3*y + 20 = -7*y. Let n(k) be the first derivative of k**2 + k - 1. Give n(i).
3
Let d(o) = o**3 - 4*o + 4. Let h(m) = 3*m**3 - m**2 - 13*m + 12. Let k(s) = -7*d(s) + 2*h(s). Let w be 4 + (66/18)/(1/3). Suppose -4*g - 27 = -w. What is k(g)?
-1
Let q = 2686 + -2695. Let h(m) = m**2 + 11*m + 25. Calculate h(q).
7
Suppose 18*q - 7*q + 0*q = 33. Let a(v) = 6*v - 4. Let p(c) = -7*c + 4. Let d(l) = 6*a(l) + 5*p(l). Calculate d(q).
-1
Suppose 6*u = -22 + 46. Let l(x) be the third derivative of 0*x**3 - 2/15*x**5 + 0*x + u*x**2 + 0 + 0*x**4. What is l(-1)?
-8
Let d(v) = -2*v**3 + 48*v**2 + 52*v - 17. Let q = 7506 - 7481. What is d(q)?
33
Suppose 5*g - 22 = -0*g + q, g - 4*q + 7 = 0. Let y be (g - 7)*15/(-6). Let c(u) = 3*u + y - 2*u - 5 - 8. Determine c(6).
-2
Let k = -130 - -140. Let f(n) = -15*n + 2. Suppose 31 = -0*y - y - 5*d, 5*d = -25. Let p(r) = 7*r - 1. Let q(s) = y*f(s) - 13*p(s). Determine q(k).
-9
Let m(i) = -i + 9. Suppose -71*v + 744 - 318 = 0. Calculate m(v).
3
Let v(s) = -6 + 15 + 8*s**2 + 3 - 3*s**2 - 12*s. Let h(u) = 4*u - 6. Let y be h(3). Let x(j) = 6*j**2 - 13*j + 13. Let w(z) = y*x(z) - 7*v(z). Calculate w(-6).
-6
Let f = -2 - -4. Let n = -1117 - -1203. Let r be n/(-18) + 2 - f/9. Let m(i) = -i**2 - 3*i - 4. Calculate m(r).
-4
Let f(a) = 37*a - 52*a + 28*a - 3*a + 1 + a**2. Let n be (-140)/18 + 22/(-99). Calculate f(n).
-15
Let x(v) = -v**3 + 8*v**2 + 9*v + 7. Let b(o) = -o**3 - 4*o**2 + 11*o + 51. Let t be b(-3). What is x(t)?
7
Let c = -8837 + 8839. Let r(h) be the third derivative of 1/24*h**4 + 1/3*h**3 + 0 + 1/60*h**5 + 3*h**c + 0*h. What is r(-2)?
4
Let r(m) = 6*m + 31. Suppose -39 - 11 = 10*u. Let v(b) = -3*b - 14. Let q(k) = u*v(k) - 2*r(k). Calculate q(6).
26
Suppose 22 = 3*r - 5*v, -2*r + v = -4*v - 18. Let y be (-1 + r)*-2 + 3. Let t(a) = 4*a + 3. Give t(y).
-9
Let q be ((-13)/(312/16))/(3*1/144). Let b(t) = t**2 + 29*t - 93. Calculate b(q).
3
Let h(z) be the third derivative of -z**6/120 + z**5/12 + 3*z**4/4 - 3*z**3/2 + 19*z**2 + 7*z. Calculate h(7).
19
Suppose -11*h + 104 + 61 = 0. Let x(l) = l**2 - 14*l + 4. Give x(h).
19
Let n(u) be the third derivative of 11/24*u**4 - 19/6*u**3 + 7/30*u**5 + 2*u + 0 + 9*u**2 + 1/120*u**6. Determine n(-13).
7
Suppose -t = -4*x + 11, 3*t - t + 2 = -2*x. Let m(s) = -2*s - 6 - s + x*s. Let j(a) = -7*a**3 + 161*a**2 - 13*a + 292. Let b be j(23). What is m(b)?
1
Let q(p) = -p**2 + 10*p - 7. Let r(l) = 4*l**2 + 9*l - 8. Let x be r(-5). Suppose x = 7*k - 23. Determine q(k).
-7
Let k = -4 - -7. Let d(o) be the second derivative of 0*o**2 - 1/20*o**5 - 7/12*o**4 + 3/2*o**k + 11*o + 0. Give d(-8).
-8
Let s be 2/7*(-217)/(-62). Let k(m) = 3 + 13*m + 3 - 17*m - s. Give k(4).
-11
Let b = 83 + -91. Let q be (-17 - -17)*2/b. Suppose -3*o - 12 = -3*t - t, q = 3*o - 5*t + 12. Let z(v) = -v**3 - 4*v**2 - 4*v - 6. What is z(o)?
10
Let z(o) = -1 - o + 4*o + 7. Let c = -1556 - -1558. Let y be 492/(-72) - (c/12)/1. Give z(y).
-15
Let o = 488 - 486. Let q(t) = -t. Suppose 2*b = -2*j - 8, j + 5*b + 2 = 5*j. Let v(r) = 6*r - 1. Let c(z) = j*q(z) - v(z). Give c(o).
-7
Suppose -4*o - 35 = o. Let w(t) = -8*t - 2578*t**2 + 4896*t**2 - 2319*t**2 - 3. Give w(o).
4
Suppose 7*k + 15 = 2*k. Suppose -15 = 21*u + 6. Let r(b) = -1. Let a(t) = -t**3 - 4*t**2 - 4*t + 4. Let g(h) = u*a(h) - 3*r(h). What is g(k)?
-4
Let s(d) be the first derivative of -d**3/3 + 7*d**2 - 50*d + 7216. Calculate s(5).
-5
Let n(f) = -316*f - 314*f - 320*f - 6 + 1276*f - 322*f. Give n(7).
22
Suppose -4*j + 7*d - 4*d + 35 = 0, 10 = -2*d. Let t(f) = -43*f - 51. Let v(z) = 19*z + 23. Let q(k) = -4*t(k) - 9*v(k). Determine q(j).
2
Let n = 44 + -41. Suppose -4*w - 4 = -4*m, -5*w - n*m = -16 - 11. Let u(d) = 7 - d**2 - w*d**2 + 0*d - 2 + 2*d - d**3. Calculate u(-5).
20
Let a be 4/(-6)*3*-2. Suppose 3*x - u = 11, u - 14 = -a*x - 4. Let l(h) = 4*h**3 - h**2 + 2 - 3*h**x + 2*h - 1 + 0*h**3. Calculate l(-2).
-15
Let i(v) be the first derivative of 7*v**2/2 + 97*v + 394. What is i(-13)?
6
Let s = 12 + 35. Suppose 0 = -43*h + s*h. Suppose h = j + 2*q - 3*q + 6, j = -4*q - 11. Let b(x) = x**3 + 8*x**2 + 8*x + 8. Calculate b(j).
1
Let v(c) = 27*c**2 + 103*c - 4 + 4 - 101*c**2 - 105*c + 1. Give v(1).
-75
Let t(u) be the first derivative of u**4/4 - 2*u**2 - 3*u + 1252. What is t(-2)?
-3
Let s(u) = 16*u - 77. Let k(g) = 24*g - 123. Let h(z) = -5*k(z) + 8*s(z). Suppose 2*o - 3*p = 11, -2*p - 2*p = -5*o + 17. Give h(o).
7
Let d = 11 + -17. Let f(p) = -2 - 10*p + 1 + 11*p. Let u(b) = 6*b + 1. Let w(o) = 5*f(o) - u(o). What is w(d)?
0
Let g(n) = n**2 + n - 6. Let l be g(-5). Let h(z) = -106*z + 18 + 205*z - 100*z. Determine h(l).
4
Let k(g) be the first derivative of 4*g**3/3 - g**2 - 2*g - 15. Suppose 6*c - 20 = c, -3*c = -2*w - 14. Determine k(w).
4
Suppose -324 = 26*z - 870. Let u be 3 + (-5)/(-3 + z/6). Let p(q) = -q**3 - 8*q**2 - 6*q - 3. Determine p(u).
-10
Let j(s) = -s**2 + 7*s - 1. Let g be j(6). Suppose -2*f = 2*f + 4*i - 36, 5*i = f + 3. Let q(p) = 10*p + f*p - 18*p. Determine q(g).
-5
Let a(l) = l**2 + 3*l - 4. Let y(v) = 3*v**2 + 8*v - 12. Let f(d) = -7*a(d) + 2*y(d). Let s = 1001 - 983. Suppose s*w = 16*w - 6. What is f(w)?
10
Let a(r) = -85*r + 1. Let i(c) = -936*c + 9. Let w(m) = -22*a(m) + 2*i(m). Suppose -2*q + 0*q + 14 = 0. Calculate w(q).
-18
Let v = -13330 + 13322. Let d(g) = g**3 + 6*g**2 - 12*g + 9. Determine d(v).
-23
Let t(n) = 129*n. Let v(s) = -794*s - 345. Let z(q) = -6*t(q) - v(q). What is z(-17)?
5
Let z(u) = 37*u**2 - 8 - 6*u**2 - u - 32*u**2 + 0. Let b(c) = 2*c - 12. Let k be b(6). Calculate z(k).
-8
Let s(r) = 5*r**3 + 6*r**2 + 9*r + 3. Let z be -3*(20/(-6) + 10/5). Let w(y) = -6*y**3 - 5*y**2 - 9*y - 2. Let c(j) = z*w(j) + 5*s(j). What is c(-9)?
7
Let v(q) = q**3 + 6*q**2 + 4*q - 3. Let w(i) = 3*i**3 + 13*i**2 + 7*i - 6. Let m be (-5 + 4)*1 + 6. Let a(b) = m*v(b) - 2*w(b). Determine a(5).
2
Suppose -g - 1 = g + 3*v, v = 2*g - 19. Suppose 4*s - 8 = -2*n, -3*s - 3 = -5*n + 43. Let p(d) = d + 5 + 4*d + d**3 - n - 8*d**2 + 3*d. Give p(g).
4
Let d be 1 + -4 - (-16 + 8). Let t(g) = 99*g. Let l(h) = 13*h. Let n(o) = -15*l(o) + 2*t(o). Calculate n(d).
15
Let b(c) be the third derivative of c**4/24 + 20*c**3/3 - 715*c**2 + 1. Calculate b(-34).
6
Let d(y) = 10*y - 21 - 280*y**2 + 5*y + 279*y**2 + 25. Give d(16).
-12
Let f(d) be the second derivative of -d**5/20 + 2*d**4/3 + 5*d**3/3 - 4*d**2 - 54210*d. Let i = -11 - -20. Determine f(i).
1
Let q(u) = -u**2 + 2*u. Let j(g) be the first derivative of -2*g**3/3 + 3*g**2 - g + 18. Let a(d) = j(d) - 3*q(d). Let f be 1 - (-1 - 0/(-1)). Calculate a(f).
3
Suppose 0 = -5*i - 2*b + 52, -39*b + 34 = 5*i - 40*b. Let q(u) = -u**2 + 10*u + 6. What is q(i)?
22
Let t(x) = -2*x**3 + 6*x**2 + 33*x - 43. Let g(m) = -m**3 + 3*m**2 + 16*m - 20. Let q(o) = 9*g(o) - 4*t(o). Calculate q(5).
2
Let y(f) be the second derivative of 68*f**2 - f**3 + 69*f**2 - 208*f**2 + 70*f**2 + 483*f. Suppose 0 = 5*n - 2*i + 18, -5*n + 2*i + 3*i = 30. Calculate y(n).
10
Let o(a) = 2*a**3 + 16*a**2 - 16. Let v(s) = -s**3 - 8*s**2 + 9. Let t(z) = -4*o(z) - 7*v(z). Determine t(-8).
1
Let l = -20 - -12. Let w(x) be the second derivative of x**3/2 + 17*x**2/2 + 162*x - 12. What is w(l)?
-7
Suppose -3*y - 3*y = 193 - 187. Let n(x) = -52*x - 1. Calculate n(y).
51
Let g(y) be the third derivative of 2*y**2 + 0 + 1/60*y**5 - 1/3*y**3 - 27*y + 5/24*y**4. Calculate g(-6).
4
Let i(c) = 4*c + 24. Suppose 2*j + 20 - 8 = -v, -4*v = -3*j - 29. Calculate i(j).
-4
Let k(i) = i**2 + i + 1. Let r be k(-1). Let l = -317 + 320. Let g(q) = -2*q**2 + 1 + l + 3*q**2 - 3*q + r. Calculate g(4).
9
Let w(f) = -f**3 - 29*f**2 + 2*f + 57. Suppose -58 = 7264*p - 7262*p. What is w(p)?
-1
Suppose 0 = -3*o - 15, -2 = -4*t - 5*o - 19. Let f(u) be the first derivative of 3/2*u**t + u + 13. Give f(-4).
-11
Let i(g) = g**3 - 4*g**2 - 4*g + 10. Suppose 23*z = 20*z - 72. Let k = 28 + z. Let l be i(k). Let j(v) = -v*